e the first derivative of b**3/3 + 8*b**2 + 46*b + 33. What is the tens digit of j(-21)?
5
Let y(p) = -102*p + 1637. What is the thousands digit of y(-35)?
5
Let q(a) = 29360*a**2 + 12*a - 13. Let o be q(1). Suppose 382*w = 365*w + o. What is the hundreds digit of w?
7
Suppose -4*a = 4*c - 4, 2*c + 4*a = 1 + 3. Suppose c = -3*p + 4*o + 1486 - 471, 5*o = -5*p + 1715. What is the units digit of p?
1
Let n(c) = 3*c**2 + 4*c. Let z(x) = -x**3 + 22*x**2 + 25*x - 38. Let k be z(23). What is the units digit of n(k)?
4
Let l = -30 - -46. Let o(r) = -r**2 - 20*r + 12*r + 4*r**2 - l. What is the tens digit of o(10)?
0
Let r(b) = -9*b + 48. Let q be r(6). Let y be -3 - (q/(-2) - 3). What is the tens digit of (1*y/6)/((-2)/268)?
6
Let y = 35982 + -8813. What is the tens digit of y?
6
Suppose -h = -4*n + 489, 6*n = 2*h + n + 981. Let b = 1501 + h. What is the hundreds digit of b?
0
Suppose -3*d - 4*k + 2733 = 0, 0 = -k - 6 + 3. Suppose -d = -5*g - 8*x + 4*x, 0 = -x. What is the tens digit of g?
8
Suppose -33 = -4*x + 15. Suppose -x*i = -9*i + 627. What is the tens digit of (-10)/15 - i/3?
6
Suppose -3*a - 84620 = -5*n, -1463*a + 1467*a = 2*n - 33834. What is the thousands digit of n?
6
Let j(m) = -m**3 - 45*m**2 - 137*m + 115. Let c be j(-42). Suppose -4419 = -4*q + 7073. Suppose c - q = -14*a. What is the tens digit of a?
6
Let q be (-14 + 8)/(1 + (-4 - -2)). Suppose -4*u = -q*u + 630. What is the tens digit of (u/(-5))/(-2 + 1)?
6
Let u be 2*4/(-40) + 5/25. Suppose -4*i + 118 = -0*i - 2*y, -3*i + 2*y + 91 = u. What is the units digit of i?
7
Let t = 115 + -81. Let r(z) = z**2 - 28*z + 112. What is the hundreds digit of r(t)?
3
Let p be (6/8)/(18/288). Let a = p + -5. Suppose -66 = -t + 2*j, -a*j - 300 = -5*t - 3*j. What is the units digit of t?
6
Let h(v) = v**2 - v - 39. Let d be 9/(-3)*(-32)/12. Let t be h(d). Suppose t = -c + 40. What is the tens digit of c?
2
Suppose 0 = -10*q + 13*q + 1986. Let g = q + 1170. Suppose 0 = -k - 3*y + 124 - 20, 5*k = -3*y + g. What is the units digit of k?
1
Suppose v = -3*v - 1348. Let i = -229 - v. What is the units digit of i?
8
Let y(h) be the third derivative of h**6/60 - 2*h**5/15 - h**4/6 + 5*h**3/6 - 244*h**2. Let d(s) = 3*s. Let j be d(2). What is the tens digit of y(j)?
2
Suppose 21*p - 19*p - 3289 = 12751. What is the thousands digit of p?
8
Let t(u) be the second derivative of u**5/20 - 3*u**4/8 + u**3/3 + 7*u. Let q(i) be the second derivative of t(i). What is the tens digit of q(5)?
2
Let k(g) = -12*g**2 - 1. Let u be k(-7). Let p be 2271/(-6) - -4*5/(-40). Let b = p - u. What is the hundreds digit of b?
2
Suppose -76*g + 4009 = -784187. What is the tens digit of g?
7
Let z(j) = j - 2. Let t(y) = -212*y + 13. Let x(p) = -t(p) - 3*z(p). Let c be x(1). Suppose -228 = -5*l + c. What is the tens digit of l?
8
Let q(x) = -3*x + 2. Let z be q(-2). Suppose 0 = -2*h - 10, 2*p - z - 2 = -2*h. Suppose 0*f = p*f - 650. What is the units digit of f?
5
Let q(b) = -b**3 - 3*b**2 - b + 1. Let m be q(-2). Let i be ((-3)/(4 - 1))/(m/(-7)). Let f = i + 174. What is the hundreds digit of f?
1
Let o(a) = 15*a + 1553. What is the hundreds digit of o(-17)?
2
What is the tens digit of 1*(5 - 7) + 521?
1
Suppose -p - 6 = -24. What is the units digit of (-4)/p - (-173088)/324?
4
Suppose -736*t + 263436 = -707*t. What is the thousands digit of t?
9
Let g(r) = r - 15. Let o be g(15). Suppose 4*x - 2860 - 596 = o. What is the tens digit of 1 + x/10 + (-2)/5?
8
Suppose r - 5 = -2*f, -24 + 10 = -3*r - 5*f. Let u be -13 + (r - (3 - 0)). Let a(k) = -21*k - 26. What is the hundreds digit of a(u)?
2
What is the tens digit of 25/(-225) + 3 + (-199514)/(-18)?
8
Suppose 121 = -m - 9*z + 11*z, 101 = -m - 2*z. Let d(b) = -b**3 + b**2 - b + 244. Let l be d(0). Let x = l + m. What is the units digit of x?
3
Let s(w) = -w**3 + 70*w**2 + 92*w - 379. What is the thousands digit of s(42)?
2
What is the units digit of (-36)/(-10) + -4 - (-364740)/100?
7
Let c(o) = -3 - o**3 - 21*o**2 + 2 + 27*o**2 - 4*o. Let a be c(5). Let h(i) = i**3 - 3*i**2 + 6*i + 3. What is the tens digit of h(a)?
4
Let l be 3/((-174)/(-42) - 4). Suppose -4*x + 48 = -4*p, 5*p - l + 57 = 3*x. Suppose 92 = 3*w - 2*b, w - b = 41 - x. What is the tens digit of w?
3
Let l = 21 + -15. Suppose p = l*p - 285. Suppose -3 = -2*y + p. What is the units digit of y?
0
Suppose 2*w - 9839 + 39497 = 4*l, -3*l - 5*w + 22276 = 0. Suppose 9816 = 19*t - l. What is the tens digit of t?
0
Suppose -153 = -11*b - 6*b. Suppose 2*z - 4147 = -b*z. What is the units digit of z?
7
Let y be 2/(-8) - (-497)/(-28). Let i be (3/27*3)/((-2)/y). Suppose 0 = -i*m - 5 - 4, -2*m - 530 = -4*g. What is the hundreds digit of g?
1
Let v(m) = 351*m**2 + 40*m + 161. What is the hundreds digit of v(-10)?
8
Suppose -5*c = -k + 1, 5*k - 53 = -0*k + c. Suppose -7*u = k*u - 2034. What is the hundreds digit of u?
1
Suppose 7849 - 2473 = 8*q. Let l = q + -350. What is the hundreds digit of l?
3
Let x = -759 + 759. Suppose -66*s + 53*s + 20046 = x. What is the hundreds digit of s?
5
Suppose -3*l + 2*v + 3106 = -1063, l = -v + 1383. Let s = 2843 - l. What is the hundreds digit of s?
4
Let b(d) be the third derivative of -d**6/120 + d**5/12 + d**3/2 + 8*d**2. Let s be b(5). Suppose s*t - 26 = 148. What is the units digit of t?
8
Let j be 1/(0 + -2)*(-14 - -12). What is the tens digit of (14 - -702) + j + 0?
1
Suppose -8*u + 9*u - 25 = 0. Let t be (u/(-20))/(2/16). What is the tens digit of 548/10 + (-2)/t?
5
Let l(i) be the first derivative of -67*i**2/2 - 64*i - 78. What is the hundreds digit of l(-6)?
3
Suppose -5*y = -72 - 3. Suppose 0 = 4*z - 5*z - 2*w + y, -2 = w. What is the tens digit of z?
1
Let b(n) = -17*n + 31 + 11*n - 23 + 4*n**2 + 5*n + 37. What is the units digit of b(12)?
9
Let d be 3*((-195)/45)/13. Let s(t) = 188*t**3 + 4*t. Let y(f) = -189*f**3 - f**2 - 5*f + 1. Let i(w) = -3*s(w) - 2*y(w). What is the tens digit of i(d)?
8
Let o(z) = -3*z**2 + 17*z - 14. Let u be o(4). Let j(l) = -l + 25. Let d(b) = -b + 26. Let a(f) = -5*d(f) + 6*j(f). What is the tens digit of a(u)?
1
Suppose -5*m + 3*k - 5867 = 0, -1169 = m - k - 4*k. Let f = m + 2390. What is the tens digit of f?
1
Let x be (-198)/(-8) + (-3)/(-12). Suppose 28*m - x*m - 150 = 0. Suppose m = 2*u - 128. What is the units digit of u?
9
What is the units digit of (-115)/(-20)*9186 + -1 + 18/12?
0
Let f be (6/(-3) + 10)/2. Suppose -15 = -i - f*i. Suppose 0*b + 5*u - 112 = -2*b, -b - i*u + 57 = 0. What is the units digit of b?
1
Let p(y) = y**3 - 8*y**2 + 10*y - 18. Let w be p(6). Let z(v) = -v**2 - 32*v + 62. What is the units digit of z(w)?
2
Let z = 11128 - 6661. What is the units digit of z?
7
Let g(f) = 44*f + 462. Let c(x) = 23*x + 230. Let k(r) = -5*c(r) + 3*g(r). What is the units digit of k(11)?
3
Suppose -6*v - 884 = -4*i - v, 0 = -5*i - 3*v + 1142. Suppose 2*z - i - 486 = 0. Let r = z - 212. What is the hundreds digit of r?
1
What is the thousands digit of (2 + -3)*(10 + -17) - -4977?
4
Suppose -60 + 9 = -17*y. Suppose 6 = 2*u, -7070 = -5*z + y*u - 1779. What is the thousands digit of z?
1
Suppose -15313*s + 15315*s - 8678 = 0. What is the thousands digit of s?
4
Let w = 2681 + -1684. Suppose w = 14*p - 2279. What is the units digit of p?
4
Let m(j) = j**2 - 5*j - 13. Let d(l) = -55*l + 1. Let c be d(-1). Let w = c - 62. What is the units digit of m(w)?
3
Suppose -21*m + 0*m + 611995 - 202579 = 0. What is the hundreds digit of m?
4
Let x = 117 + -117. Let i be 12/3 + x/(-1). Suppose 0 = -i*v - 8*v + 3192. What is the units digit of v?
6
Let r(x) = -111*x - 138. Let m be r(50). Let q be 4/(-28) + (-29)/(-7). What is the units digit of ((q/(-3))/2)/(16/m)?
7
Let n be (2/(-11) + 707/77)*1. Let m(x) = -x**3 + 2*x**3 + 18 - 9*x**2 + 2*x**2 - 14*x. What is the units digit of m(n)?
4
Let d(h) = 277*h + 326. What is the units digit of d(14)?
4
Let g(n) = -2*n**3 + 6*n**2 - 2*n - 10. Let b be (44 - 32)/(-1*2). What is the hundreds digit of g(b)?
6
Let o(i) = -i**3 + 4*i + 1430. Let x be o(0). Suppose x = 4*b - 4*q - 334, -1319 = -3*b - q. What is the hundreds digit of b?
4
Let w(x) = 122*x**2 - 35*x - 131. What is the thousands digit of w(-6)?
4
Suppose 3*f - 12 = -l, -2*f = -9 + 1. What is the hundreds digit of -48*(l - 80/(-45)*-3)?
2
What is the units digi